*f**3 - 5*f + 4*f**2 - 3 + f**2 - 6*f**3. Give x(-6).
-9
Suppose r + 0 = 6. Let k(f) = -7*f. Let a(u) = 31*u + 5. Let c(m) = 16*m + 3. Let g(n) = 3*a(n) - 5*c(n). Let q(l) = r*g(l) + 11*k(l). Give q(-3).
-3
Let v = -106 - -112. Let w(n) be the first derivative of -n**4/4 + 2*n**3 - n**2/2 + 6*n + 3. Calculate w(v).
0
Let c(v) = -9*v**3. Suppose 2*f + 4*q = 7*f - 25, -3*f + 23 = -4*q. Calculate c(f).
-9
Let y(l) be the second derivative of l**5/20 - l**4/6 - 5*l**3/6 + 3*l**2/2 + l. Suppose -2*x + 8 = 2. What is y(x)?
-3
Let u(j) = -3*j + 21. Let a(t) = t - 5. Let d(c) = -21*a(c) - 5*u(c). What is d(2)?
-12
Let h(z) = -3*z**2 + 8*z - 8. Let x(f) = -3*f + 2 + 1 + f**2 + 0*f**2. Let i(c) = 4*h(c) + 11*x(c). Determine i(1).
-1
Let z(o) be the third derivative of o**6/180 + o**5/120 - o**4/24 + o**2. Let v(g) be the second derivative of z(g). What is v(-3)?
-11
Let t(b) = -2*b**3 - 2*b**2 - 9*b + 2. Let q(i) = 5*i**3 + 6*i**2 + 26*i - 6. Let p(f) = -3*q(f) - 8*t(f). Suppose -4*y + 2 = -l - 2, 4*l - 8 = 4*y. Give p(l).
10
Let h(g) = -13*g**2 + g + 16. Let f(k) be the third derivative of -3*k**5/20 + k**4/24 + 11*k**3/6 - 3*k**2. Let t(b) = 7*f(b) - 5*h(b). Calculate t(2).
9
Let a(i) = -i. Suppose -t + 3*t = 0. Suppose 4*x + 2*w + 10 = -t*w, -8 = 5*x + 4*w. Give a(x).
4
Let w(q) = q**3 + 4*q**2 - 4*q - 2. Let n(z) = 3*z + 18. Let j(x) = -x - 9. Let a(m) = -5*j(m) - 2*n(m). Let k be a(9). Let o = -5 - k. What is w(o)?
-7
Let t(x) = -2*x - 28. Let l be t(-14). Let k(q) = q**3 - 11. Give k(l).
-11
Let t(s) be the second derivative of 1/2*s**2 - 1/12*s**4 + 0*s**3 + 0 + s - 1/5*s**5. Determine t(-1).
4
Let f(j) = -j**3 + 5*j**2 - 5. Suppose -2*k + 4 = -k. Suppose 2*w = -x + 6, 0 = 4*x - 5*x + k*w. What is f(x)?
11
Let l(s) = -s - 6. Let u(i) = i**2 - 16*i + 34. Let w be u(13). What is l(w)?
-1
Let k be (-48)/(-8)*(-4)/(-6). Suppose -6*x = -k*x - 5*v - 3, -3*x + 3*v + 9 = 0. Let o(n) = -n + 4. What is o(x)?
0
Let x = -29 - -44. Suppose -4*u - u = -x. Let b(g) be the first derivative of -g**3/3 + g**2 + 2*g + 1. Determine b(u).
-1
Let k(l) = -l**2 - 7*l - 5. Suppose -w + q + 10 = -0, 5*q = 25. Let s = w - 21. Give k(s).
1
Let o(k) = -k - 2*k + 4*k. Calculate o(-5).
-5
Let b(y) be the first derivative of y**3/6 + 11*y**2/2 - y - 1. Let x(u) be the first derivative of b(u). Let t be x(-6). Let l(n) = -n**2 + 3*n + 2. Give l(t).
-8
Let d(n) be the third derivative of -n**5/20 + n**4/24 + n**3/3 + 2*n**2. Let y = 5 - 6. Let h = y + 3. Calculate d(h).
-8
Suppose l + 2*l = 6. Suppose -4*w = 4*m - 4, 3*m - 3 = -2*w + 2*m. Suppose 0 - w = -l*v. Let a(q) = -4*q. Determine a(v).
-4
Let p(a) = -8*a + 8. Let m(z) = 3*z - 3. Let w(k) = 11*m(k) + 4*p(k). Suppose 3*r + 3*h - 15 = 5*r, -2*r + h = 13. Calculate w(r).
-7
Let t(w) = 5*w. Suppose 3*m = -0*m - 12. Let l be (3 + m)*(1 - 2). What is t(l)?
5
Let m = -55 - -49. Let d(l) = 3*l + 8. Determine d(m).
-10
Let l(f) = -f - 2. Let s(t) = t**2 + 21*t + 36. Let h be s(-19). Calculate l(h).
0
Let r(w) be the first derivative of -w**6/360 + w**5/20 - w**4/12 + w**3/3 + 1. Let q(u) be the third derivative of r(u). What is q(3)?
7
Let d = -30 - -27. Let k(m) = m**2 + 2. Calculate k(d).
11
Let r(d) = d - 1. Let a(s) = -5*s + 4. Let m be 1/(2/4)*-1. Let w(b) = m*a(b) - 11*r(b). Suppose 3*h - 18 = -3. Give w(h).
-2
Let c(f) = -f + 1. Let w(u) = -5*u + 5. Let y(r) = -4*c(r) + w(r). Give y(1).
0
Let x = -29 + 30. Let o(v) = -5*v**3 + v. Calculate o(x).
-4
Let a be (10/(-35))/(8/(-14)). Let n(w) be the first derivative of w + 4 - a*w**2. Give n(6).
-5
Let p(z) be the first derivative of -z**3/3 - 5*z**2/2 + 4*z - 2. Let m = -3 - -7. Suppose 20 = -0*v - m*v. Determine p(v).
4
Suppose 2*v + 8 = 5*w, -3*v + 20 = -w - 8*v. Let k(i) = -i**2 - 6. Let r(d) = d**2 + 5. Let x(f) = -3*k(f) - 4*r(f). Calculate x(w).
-2
Let t(x) = -6*x**2 + 7. Let w(k) = k**2 + k - 1. Let r(s) = -t(s) - 5*w(s). What is r(4)?
-6
Let i(f) be the third derivative of f**4/24 + f**3/2 + 36*f**2. Calculate i(4).
7
Suppose 2*u = 3 + 7. Let c(v) = 7 + 5*v**2 + 4*v - v**3 + 0*v - 6*v. Calculate c(u).
-3
Let g be -2 - 36/8*-2. Let t(h) = -7*h**2 - 4 - 3*h**3 + 3*h**3 + g*h + h**3. Determine t(6).
2
Suppose -2*w - w - 21 = 0. Let b(a) = 2*a**2 + 8 + a**3 + 2*a**2 + 3*a**2 + 11*a - 9*a. Let x be b(w). Let f(o) = o + 6. Give f(x).
0
Let p(j) = j**3 - j. Let f(k) = -2*k**3 + 3*k**2 + 2*k - 3. Let i(h) = f(h) + 3*p(h). Let w(z) = z + 8. Let v be w(-6). Let b = -5 + v. Give i(b).
0
Let c(l) = l**2 + 2*l + 1. Suppose 2*k = 7 - 17. Let u(s) = s + 6. Let v be u(k). Suppose z + 2 = -v. Determine c(z).
4
Let m(s) = s**3 - 9*s**2 - 2*s + 7. Let g be m(9). Let n = g - -13. Let j(o) be the third derivative of -o**5/60 - o**4/12 + o**3/2 + 2*o**2. Determine j(n).
-5
Let r(j) = -4*j**2 + 0*j**2 + 2 + 0*j**2 + 3*j**2 + j. Determine r(2).
0
Let r(f) = -f - 6. Let c be ((-8)/(-6))/(8/6). Suppose -m = -2*m + 1. Let w = m - c. Determine r(w).
-6
Let w = 18 + -12. Let y(x) = -5 - 1 + 0 + 4*x - 3*x. Let b(v) = -3*v + 17. Let r(a) = w*b(a) + 17*y(a). Determine r(0).
0
Let t(b) = 2*b + 6. Suppose 23 = 4*j + 3. Let v(p) = -p**2 - p - 1. Let g(w) = w**3 - 2*w**2 + w + 9. Let c(i) = g(i) + 3*v(i). Let q be c(j). Determine t(q).
-2
Suppose 5*k + 0*u - u = 16, 3*k - u - 10 = 0. Let j(g) = -g**2 + 3*g**3 - k*g**2 + 1 - 6 - 5*g - 2*g**3. What is j(5)?
-5
Suppose -2*l = -3*l - 15. Let k(a) = a**2 - 10*a - 1. Let j be k(10). Let b be -3*l/9*j. Let q(u) = -2*u - 4. What is q(b)?
6
Let w(v) = v + 2*v - 2*v - 2 + 0*v. Calculate w(-3).
-5
Suppose 23 = 5*u - 2. Suppose -16 + 6 = -u*o. Let p(y) = 2*y + 2. Calculate p(o).
6
Let r(c) = c**3 + c**2 + 3*c + 4. Let x(v) = 2*v**3 + v**2 + 5*v + 7. Let k(g) = -5*r(g) + 3*x(g). Determine k(1).
0
Let n(f) = 2*f - 7. Suppose -3*q + 3*h + 6 = 0, -q = -4*h - h + 18. Determine n(q).
7
Let h(u) = -u**2 - 4*u - 4. Let m be 236/7 - (-6)/21. Let y = m + -14. Suppose y = -13*z + 8*z. Calculate h(z).
-4
Let m be 2 + -4*(-2)/4. Let s(o) be the first derivative of -o**3/3 + o**2 + 3*o + 6. Give s(m).
-5
Suppose 4*h - 1 = 3*h, -5*h + 21 = 4*l. Let o(n) = -n**2 - n + 4. Give o(l).
-16
Suppose 3*y - 6*y + 12 = 0. Let j(n) = n**2 - 2*n - 4. What is j(y)?
4
Suppose 5*r + 21 = -0*o + o, -2*r - 4 = 4*o. Let q(m) = m**2 + 4*m - 2. Let p be q(r). Let l(y) = -y**3 + 2*y + 3. Determine l(p).
7
Let u(f) = -f**3 - 5*f**2 + 3*f + 2. Let n(j) = -j**3 + 8*j**2 - 9*j + 9. Let o = 21 + -14. Let c be n(o). Calculate u(c).
-13
Let j(p) = -p**3 - 3*p**2 + 4*p + 5. Suppose 1 = -3*f - d, 8 = -2*f - 0*f + 3*d. Let v = -5 - f. Let c be ((-6)/v)/(12/(-32)). Calculate j(c).
5
Let t(a) = 2*a**2 + 13*a - 4. Let l(d) = d**2 + 6*d - 2. Let f(y) = -13*l(y) + 6*t(y). Suppose -3*j + 4 = -j. Suppose -3 = -j*b + 1. Determine f(b).
-2
Let x = -2 - -8. Let l(n) be the third derivative of 1/4*n**4 - 1/60*n**5 - 1/3*n**3 + n**2 + 0 + 0*n. What is l(x)?
-2
Let b(g) be the first derivative of g**3 - 3*g**2/2 - 6*g + 1. Let w(a) = a**2 - a - 1. Let d(y) = b(y) - 2*w(y). Let v = -2 + 5. Give d(v).
2
Let y(u) = -9 + u - 6 + 24 - 13. Let x(n) = 5*n. Suppose 0 = 4*r - 3*p - 15 + 2, 5*r - 3*p - 14 = 0. Let k be x(r). Determine y(k).
1
Let f be 1 + -2 + (-1 - -1). Let o(b) = 8*b**2 - 7*b + 5. Let u(x) = 4*x**2 - 3*x + 2. Let a(q) = -2*o(q) + 5*u(q). Calculate a(f).
5
Let w(t) be the first derivative of -t**2/2 - t - 2. What is w(-3)?
2
Let g(s) = -6*s**3 + 1. Let f = -10 + 9. Let v be g(f). Let o(b) = -b + 10. What is o(v)?
3
Let b = 25 - 12. Let c(q) = 2*q + b - 4 - q. What is c(-6)?
3
Let i(q) = -q**3 + 13*q**2 - 32*q + 13. Let y be i(10). Let g(m) = -m**2 - 7*m - 6. Give g(y).
-6
Let a(p) = -p**3 - 6*p**2 - 2*p + 7. Let i be 0/1 + 2 + 0. Let c be (10 - (i - -1)) + -3. Suppose -u = c*g - 15, u + 2*g = 4 + 1. What is a(u)?
-8
Suppose 7 + 18 = -5*r. Let n(q) = -q + 2. Calculate n(r).
7
Let t be (2 - (4 + -3)) + -1. Suppose 19 = 5*o + 3*i, -4*i - 4 + 16 = t. Let r(n) = 2 + 2 - 3 + n. Give r(o).
3
Let i(s) be the second derivative of s**4/3 - s**2/2 + 18*s. Give i(1).
3
Let s = 4 - 7. Let a = s + 8. Let r(q) = -2*q + 5. Let v be r(a). Let t(n) = n**3 + 4*n**2 - 5*n - 5. Calculate t(v).
-5
Let v be (-90)/(-24) - 2/(-8). Let r(s) = v + 3*s - 2 - s. Give r(-4).
-6
Let q(b) be the third derivative of -b**6/120 + b**5/15 + 5*b**4/2